 - 5*f**2 + 8*f + 13. Let x be b(-6). What is the tens digit of (x/(-3))/(3 - 2144/714)?
1
Let n = 589 - 301. What is the units digit of n?
8
Suppose 2*t = 3*q - 229 - 143, 0 = -2*q - 5*t + 248. Suppose -4*w = s - 5*s + q, -2*w = -8. Let f = -17 + s. What is the units digit of f?
8
Let t be 9/(5 - 2) - -12. Let r(y) = y**3 - 8*y**2 + 9*y - 5. Let p be r(7). Let n = p + t. What is the tens digit of n?
2
Let y(q) = -23*q - 15. Let l(n) = n + 1. Let x(v) = -4*l(v) - y(v). What is the hundreds digit of x(6)?
1
Let w be ((-38)/(-8))/((-2)/(-8)). Let g = w + -17. Suppose g*y = 8, 32 = -j + 2*j + y. What is the units digit of j?
8
Suppose -3 + 0 = z - 2*b, -z - 15 = -5*b. Suppose -4*t = -0 - 20. Suppose 0 = 3*o - t*g - 30, z*o + 5*g - 2*g = 16. What is the units digit of o?
5
Suppose 0*d - 4*d = -8. Let g be -44*(d/4 - 1). Suppose 0 = -3*a + 9, 108 = 5*k - 3*a + g. What is the units digit of k?
9
Suppose 24*b - 11408 = 1456. What is the units digit of b?
6
Let q = 2 + 0. Suppose 20*a - 2197 + 857 = 0. Suppose -5*k = s - 28, q*s = -0*k + k + a. What is the tens digit of s?
3
Let d be (4/6)/(4/(-24)). Let c(o) = -18*o - 17. What is the tens digit of c(d)?
5
Let r = 307 + -258. What is the units digit of r?
9
Let z = 33 - 31. Suppose -z*a + 135 = 3*f, -3*f - 303 = -5*a + 24. What is the tens digit of a?
6
Suppose -2 = -2*g, -5*x - 3*g + 1 = -2. Let r be 3 + 0 + x + -2. What is the tens digit of r - 3 - (-26 - 0)?
2
Let r = 3586 - 1619. What is the tens digit of r?
6
Suppose -7*g + 20 = -3*g. Let f = g + -1. Suppose -r + f = -4. What is the units digit of r?
8
Let y be -1 + 2/6 + (-256)/(-24). Suppose 3*q - i - 74 = -y, 0 = 2*q - i - 43. What is the tens digit of q?
2
Suppose 2*l - 311 = 4*y + 73, 5*l = 4*y + 978. What is the units digit of l?
8
Let s(l) = -13*l**3 + 2*l**2 + 2*l + 1. Let x be s(-1). What is the tens digit of x/14 + 2*13?
2
Suppose 3312 = 30*q - 38*q. What is the hundreds digit of (q/(-7))/(1 - (-88)/(-112))?
2
What is the units digit of 6/4 - (9321/(-26) - 2)?
2
What is the units digit of (27/15)/((-9)/(-2055))?
1
Suppose 9945 = -2*v + 15*v. What is the units digit of v?
5
Suppose 2*d - 5 - 1 = 3*v, -2*v = d - 3. Suppose -2 = -v*u - 2*u. What is the units digit of 6 + u + (1 - 0)?
8
Suppose -409 = 4*p + 2*g + g, 0 = -2*g + 2. Let t = p - -238. What is the hundreds digit of t?
1
Let y(l) = -8*l - 9. Let o = -118 - -108. What is the units digit of y(o)?
1
Let t = 61 - 26. What is the units digit of (-4)/10 - (-294)/t?
8
Let z = 3 - 6. What is the tens digit of ((-123)/z)/1 - 3?
3
Suppose 0 = 3*d - 2*d - 5. Let t = 19 + d. Suppose -3*n + 96 = -t. What is the tens digit of n?
4
Suppose 2*t - 3*d + 0*d = 16, 4*t = -3*d - 4. Suppose o - 4*m - 303 = -t*o, o + 5*m = 82. What is the units digit of o?
7
Let m be 3 - ((-6)/(-2))/3. Suppose 5*z = 3*z - m. What is the units digit of ((-1)/z)/((-3)/(-12))?
4
Suppose -k = k. Let t be k + (7 - -1) + -2. Suppose t*n - 76 = 152. What is the units digit of n?
8
Suppose -63*z = -4*t - 65*z + 8462, -2*t + 2*z = -4216. What is the tens digit of t?
1
Let h(f) = -6*f**2 - 8*f + 24. Let y(u) = -5*u**2 - 8*u + 25. Let x(d) = 4*h(d) - 5*y(d). What is the tens digit of x(11)?
8
Let y(l) = -14 - 3*l**2 + l - 28 + 4*l**2. What is the units digit of y(-14)?
0
Let w(s) = 843*s + 12. What is the units digit of w(1)?
5
Let m = 133 - -114. What is the units digit of m?
7
What is the tens digit of 24/20*((-147525)/(-14))/15?
4
Suppose -5*a + 24 = 3*f - 6*a, 2*a = 5*f - 40. Let l(o) = 16*o - 4. What is the tens digit of l(f)?
2
Suppose 4*i - 2717 = -5*h, 3*i + 4*h = 8*h + 2061. What is the units digit of i?
3
What is the tens digit of (-200 - 2)/(-1) + -1?
0
Let u = 4565 + -2813. What is the units digit of u?
2
Suppose 3*h = 5*l - 1656, -2*l + 639 = -5*h - 31. What is the tens digit of l?
3
Let q = 1 + 2. Suppose -3 = 23*b - 49. Suppose -23 = -b*j - q. What is the tens digit of j?
1
What is the hundreds digit of 1981 + (-20)/(-20) + 0/1?
9
Let s(t) be the second derivative of t**4/2 - 2*t**3/3 + 3*t**2/2 - 5*t. Let q(a) = -a**2 + 7*a + 2. Let i be q(7). What is the units digit of s(i)?
9
What is the tens digit of 46/(-14) + (-28)/(-98) - -351?
4
Let s(p) = p**2 + 4*p - 4. Let f be s(-6). Suppose 4 + 11 = 3*v, -g = -4*v - f. What is the tens digit of g?
2
Let p(l) = -l - 1. Let n be p(-4). Suppose 3*s - 2 = -n*r - 2*r, 2*r = 5*s + 7. What is the units digit of (-11 + -11)*r/(-2)?
1
Let i = -327 + 548. Suppose y - i = -4*v, 0 = 4*v - 6*v + y + 115. What is the units digit of v?
6
Suppose 4*x = -4*f - 12, -2*x = x - 4*f - 5. Let c be (2/(-4))/(x/242). Suppose 5*h + z - c = 0, 0 = 3*h - 5*z - 5 - 62. What is the units digit of h?
4
Let b(i) be the first derivative of -37*i**4/2 - i - 6. Let m be b(-1). Suppose 0 = 2*j - p - 76 - m, -5*p - 5 = 0. What is the units digit of j?
4
Let u(w) = -24*w + 9. Let v be u(-8). Suppose 4*f - 4*g = -0*g + 452, -2*f = 3*g - v. What is the hundreds digit of f?
1
Suppose -13*x = q - 8*x - 1644, 4880 = 3*q + 2*x. What is the units digit of q?
4
Let t(h) = h**3 + 8*h**2 - 5*h + 2. Let g be t(-7). What is the tens digit of g + 1 - (0 + -1)?
8
Let n = -16 + 24. Let o(c) = c**2 + 6 + 25*c - 21*c - 10*c. What is the units digit of o(n)?
2
Suppose -12*a + 2569 = -335. What is the units digit of a?
2
Suppose -b - 6 + 21 = 0. Suppose b = 3*s, 4*x - s = x + 7. Suppose -6*v + h = -v - 60, -x*v - h + 48 = 0. What is the tens digit of v?
1
Suppose 0*j - 2*j + g - 38 = 0, -68 = 3*j + 4*g. Let p be ((-15)/(-60))/((-1)/j). Suppose 0 = p*n - 4*n - d - 68, 3 = 3*d. What is the tens digit of n?
6
Suppose 0 = -6*l - 527 + 3305. What is the tens digit of l?
6
Let n(w) = -89*w - 816. What is the thousands digit of n(-39)?
2
Suppose 3663 = -9*g + 18*g. What is the units digit of g?
7
Let d(m) = m**3 - 4*m**2 + 5*m. Let z be d(2). Suppose 0 = 2*s - 3*i - 193 - 85, -4*s + 548 = -z*i. What is the tens digit of s?
3
Let a = -58 - -61. Let n = a - -12. What is the units digit of n?
5
Let i = 1533 + -1191. What is the units digit of i?
2
Let k(t) = t**3 + 12*t**2 - 6*t - 12. What is the hundreds digit of k(-6)?
2
Suppose 4*d + d + 110 = 5*j, 5*j = 5. What is the tens digit of (-4)/(-6) + (-322)/d?
1
Let h(z) = z**3 - 7*z**2 + 3*z - 14. Let p be h(8). Suppose -4*a + l + 62 = -0*l, -5*a + p = -3*l. What is the tens digit of a?
1
Let a(t) = t**2 - 10*t + 20. Let b be a(7). What is the hundreds digit of (76/8)/(b + 13/12)?
1
Suppose 2*i - 102 + 12 = 0. Suppose -3*f - 164 = 5*q - i, 3*q - 187 = 5*f. Let v = f + 53. What is the units digit of v?
5
Let o(i) be the second derivative of -i**4/12 - 11*i**3/6 + i**2/2 - 3*i. Let j be o(-9). Suppose -h + 6*d = d - 1, d - j = -h. What is the units digit of h?
6
Let u be (8 - 8) + 1*8. What is the tens digit of -4 + u + -4 - -13?
1
Let h be -3 - (2 + -2) - -7. Suppose -f = -0*f + h. Let a(s) = -9*s - 2. What is the tens digit of a(f)?
3
What is the hundreds digit of -3 + 0 + (-44 - -224)?
1
Let c = -4355 + 8090. What is the tens digit of c?
3
Let y = 13 + -11. What is the tens digit of (64 + -4)/(3/y)?
4
Suppose 11*q = 5637 - 1600. What is the tens digit of q?
6
Let y(q) = -q + 10. Let z be y(7). Suppose z*f = f. Suppose p - 5 + 1 = f. What is the units digit of p?
4
Suppose -4*b - 280 = -s + 148, 1766 = 4*s + 2*b. What is the tens digit of s?
4
Suppose 5*j - 2*u + 18 = 53, 2*j - 14 = -3*u. Suppose -74 = -9*v + j*v. What is the units digit of v?
7
Let o(b) = 46*b - 10. Let h be o(-9). What is the units digit of 3/(1684/h - -4)?
6
Let m be -6 - -8 - -13*1. What is the units digit of (-30)/m - -1*79?
7
Let w(s) = 2*s - 2. Let v be w(4). Suppose -7*z = -v*z - 90. What is the tens digit of z?
9
Suppose -28 - 42 = -2*o. Let d = 61 - o. What is the tens digit of d?
2
Suppose 5*c - a - 145 = a, -4*a = -c + 11. Let n = c - 0. What is the units digit of n?
1
Let s = 433 + 136. What is the units digit of s?
9
Let o(l) = 24*l**2 + 2*l - 1. Let i be (8 - 4)*1/2. Let x be o(i). Let p = x - 43. What is the tens digit of p?
5
Let c = 2785 - 1900. What is the hundreds digit of c?
8
Let u(k) = k**2 - 7*k - 45. Let m(d) = -4*d**2 + 21*d + 134. Let b(t) = -2*m(t) - 7*u(t). What is the tens digit of b(-14)?
4
Let s = 6 - 0. Suppose 3*c = s*c. Suppose c = j + 5*h - 42, 12 = j - 2*h - 2. What is the uni